 2*f + 50 = 4*f - 3*n. Suppose -2*c - 10 = -f. Suppose 13*m - c*m - 440 = 0. Calculate the remainder when m is divided by 38.
34
Let b(o) = 3*o**2 - 2*o + 9. Suppose 23*f - 19 - 27 = 0. Calculate the remainder when b(f) is divided by 2.
1
Let b = 110 + -67. Suppose 7*p - 36 = 3*i + 5*p, -2*p = 4*i + 48. Calculate the remainder when b is divided by (-2 + 5/4)*i.
7
Suppose 82*p = 78*p + 912. Suppose g - p = -g. Suppose 2*f + 0*f - g = 0. What is the remainder when f is divided by 20?
17
Suppose 10 + 14 = 2*u. Calculate the remainder when 374/6 - 4/u is divided by (-19)/((-76)/60) - -11 - 10.
14
Let h(q) = -8*q**3 - 9*q**2 + 27*q - 6. Let b be h(3). What is the remainder when 254 is divided by 43/301 + b/(-14)?
14
Suppose 2*g = -2*h + 2, -h - 3*h + 10 = 2*g. Suppose -5*l + l + 15 = v, h*v - 140 = 4*l. What is the remainder when v is divided by (-3 - 1)/(1/(-2))?
7
Suppose -40 - 12 = -2*j + m, 3*m - 84 = -4*j. Let w = 4465 + -4349. What is the remainder when w is divided by j?
20
Let h be ((-2)/(-3)*(-15)/2)/(-1). Suppose -h*q + 94 = -26. What is the remainder when 65 is divided by q?
17
Let x(n) = -n**2 - 17*n + 153. Let j be (-2)/7 + 6/21. Suppose j = -2*h + h + 24. Calculate the remainder when x(-20) is divided by h.
21
Suppose 0*r - 3*r + 183 = 3*t, 5*r = -t + 285. Suppose -338 = 25*z + 237. Let k = r + z. What is the remainder when 126 is divided by k?
27
Suppose 0 = u + u - 230. Let y = 161 - 30. Suppose -103 = -2*x + 5*b, 4*x + 0*b + 5*b = y. What is the remainder when u is divided by x?
37
Suppose 4*b - 364 = 5299*s - 5297*s, -s + 182 = 2*b. What is the remainder when 220 is divided by b?
38
Let o(b) = -2*b**2 + 12*b + 9. Let l be 60/(-18)*3/2 + 11. Let n = 33 + 56. What is the remainder when n is divided by o(l)?
8
Suppose -8*q - 234 = -18. What is the remainder when (-2)/2*q/3 is divided by ((-9)/2)/(21/(-28))?
3
Let d(r) = -r**3 - 12*r**2 + 14*r + 15. Let v be d(-13). Suppose 96 = 5*w - v*w. What is the remainder when 59 is divided by w?
27
Suppose -3*a - 7*a + 650 = 0. Suppose a*u - 64*u = 3. What is the remainder when 24 is divided by u?
0
Suppose 4*l = 8, 2*l - 629 = -f + 966. Calculate the remainder when f is divided by 55.
51
Let y(z) = -z - 19*z - 2 + 3*z**3 + 8*z + 4*z + 26*z**2. What is the remainder when y(-8) is divided by 63?
1
Suppose 31*i - 18026 = 8*i + 11920. What is the remainder when i is divided by 145?
142
Let b be -90*3/(6*-1). Let k = b - 24. Suppose -3*i - 3*o + 192 = 0, -79*o + 312 = 5*i - 76*o. Calculate the remainder when i is divided by k.
18
Suppose 3*r = 4*s + 993, 1167*s - 1386 = -4*r + 1162*s. What is the remainder when r is divided by 192?
147
Suppose 5*r + 1236 = y, 1711*r = 3*y + 1714*r - 3618. Calculate the remainder when y is divided by 123.
104
Suppose 0 = -5*q, -4*v - 5 = -5*v - 2*q. Suppose 0 = -p + 5*x + 15, -5*p - v*x + 12 = -33. Calculate the remainder when p is divided by 1.
0
Let v be (-190)/(-475)*30/4. Suppose -u + 50 = u - v*r, r = 0. Calculate the remainder when 170 is divided by u.
20
Suppose 0 = -5*j - 4*k + 477 - 263, k = 3*j - 108. What is the remainder when 3694 is divided by j?
8
Suppose 0 = -3*i - 4*y + 35, i + y - 10 = -0. Suppose 0*h + 245 = i*h. What is the remainder when 186 is divided by h?
39
Let u be (2 + -7)*12/(-90)*3. Suppose -8 = 2*q - u*o - 134, 2*q + 4*o = 96. What is the remainder when 751 is divided by q?
55
Let r = -192 + 286. Suppose r = 5*l - 31. Calculate the remainder when 99 is divided by l.
24
Let j be 4/6 - (-536)/6. Let i be 3 - (4 - (2 - -3)). Suppose 126 = i*n + r, 0*n - j = -3*n - 3*r. What is the remainder when n is divided by 11?
10
Suppose 0 = -25*m + 9251 - 23251. Let l = m - -592. What is the remainder when l is divided by 21?
11
Suppose -3*a - 7566 = -4*g, -5*g = a + 2799 - 12247. Calculate the remainder when g is divided by 24.
18
Let c(n) = 2*n + 58. Let z(a) = 4*a + 173. Let o(i) = 8*c(i) - 3*z(i). Calculate the remainder when 640/24 + 4/(-6) is divided by o(16).
8
Let g = -1097 + 1243. What is the remainder when 274 is divided by g?
128
Let q(w) = -w**3 - w**2 - 7*w - 9. Let x be q(-5). Let o = 316 - x. What is the remainder when ((-1 + -1)*-1)/(4/o) is divided by 32?
31
Let h = 78 - 78. Suppose h = -k + 3*j + 97, 5*j + 68 = -3*k + 345. Calculate the remainder when k is divided by 32.
30
Let n be 5/(-2)*(-1)/(-2)*-4. Suppose 4*l + 16 = 0, -n*w + l = 6*l - 65. What is the remainder when w is divided by 4?
1
Let u(a) = a**3 + 19*a**2 - 25*a + 3. Suppose 200 = -2*b - 8*b. Calculate the remainder when u(b) is divided by 56.
47
Suppose 0 = -t - 2*n + 415, -2*n + 2091 = t + 4*t. Let x(l) = 14*l + 15. Calculate the remainder when t is divided by x(5).
79
Let y = 95 - 113. Let d = y - -55. Calculate the remainder when d is divided by 8.
5
Let g(h) = -h**2 - 39*h - 69. What is the remainder when 2455 is divided by g(-3)?
37
Suppose -3*i - 1 = -2*i, 0 = -5*b - 5*i + 245. Calculate the remainder when 270 is divided by 3/((6/b)/1).
20
Calculate the remainder when 4*(6/(-21) - 1555/(-28)) is divided by (-7)/(((-27)/(-24))/(-9)).
53
What is the remainder when 172/14 + 1 - 42/147 is divided by 912/72 - (-1)/3?
0
Let j = 437 - 377. Suppose -j = -21*q + 16*q. Calculate the remainder when 131 is divided by q.
11
Let h be 105/(2/(-4) + (-3)/(-2)). Suppose -h = -2*j + 5*j. Let w = 39 + j. What is the remainder when w is divided by 2?
0
Let r(t) = 2*t**2 + 4*t + 5. Let w be 56/(-21)*(-15)/4. Suppose -2*a = -z - 15, a = -5*z - 10 - w. What is the remainder when 138 is divided by r(z)?
33
Suppose 16376*k - 16365*k - 3795 = 0. Calculate the remainder when k is divided by 58.
55
Let o be ((-4)/5)/((-82)/3485). Suppose 16 = -33*h + o*h. Suppose -4*y = -46 - 66. What is the remainder when y is divided by h?
12
Suppose -348 = -3*n + 96. Suppose 1898*h - 210 = -4*q + 1903*h, 5*h = 5*q - 260. What is the remainder when n is divided by q?
48
Let g = 7938 - 7875. Calculate the remainder when 332 is divided by g.
17
Suppose 17*i = -3*f + 15*i + 20, -i - 55 = -5*f. Calculate the remainder when 568 is divided by f.
8
Let r(y) = 97*y - 3093. Calculate the remainder when r(42) is divided by 263.
192
Suppose 0 = 2*f - 0*f - 168. Let q = -60 + f. What is the remainder when ((-636)/q)/((-2)/4) is divided by 21?
11
Let o = -2302 + 2661. Calculate the remainder when o is divided by 23.
14
Let t(m) = 15*m - 39. Let a be t(7). Suppose 0*w = -11*w + a. Suppose -w*z + 9*z = 240. Calculate the remainder when z is divided by 21.
17
Suppose -3*h + x + 1808 = 0, 0 = -229*h + 226*h + 5*x + 1840. Calculate the remainder when 1238 is divided by h.
38
Let s(a) = 2*a**3 - 14*a**2 + 2*a + 24. Let o be s(6). Calculate the remainder when (-732)/o + 16/(-12) is divided by (-31 + 1)*(-2)/5.
7
Suppose -253*r = -242 - 1523 - 1271. Suppose 5 - 35 = -5*t. Let l = 76 - t. What is the remainder when l is divided by r?
10
Let d = -1603 + 2681. Calculate the remainder when d is divided by 217.
210
Suppose -3*x + 6 = -12. Suppose f = -4*z + 393, 281 = -3*z + x*z - 2*f. Let m = 132 - z. What is the remainder when 102 is divided by m?
32
Let z be (-2)/14 + 30/(-21)*-145. Let y = z - 181. What is the remainder when 127 is divided by y?
23
What is the remainder when 1198 is divided by (6 - -4)*(-156)/(-39)?
38
Suppose 5*x + 5*m - 35 - 40 = 0, 5*m = -5. Let t(q) = 6*q**2 - q. What is the remainder when x is divided by t(-1)?
2
Suppose 23*q + 12822 = 14202. Calculate the remainder when 260 is divided by q.
20
Suppose 9315 = 12*z + 3327. What is the remainder when z is divided by 168?
163
Let j(b) = -5*b - 29. Let w be j(-7). Let d be (-6 - (-39)/w)/(2/20). Suppose 1 - 7 = z + d*n, 3*z - n = 14. What is the remainder when 8 is divided by z?
0
Suppose -z = 4*z + 30. Let j(k) = k**2 + 5*k + 6. Let p = 4562 + -4554. Calculate the remainder when j(z) is divided by p.
4
Let b = -122 - -184. Suppose -7*k - 3*z = -6*k - 183, 0 = -z + 1. Calculate the remainder when k is divided by b.
56
Let i(d) = 2*d + 31. Suppose -15 - 27 = 3*y - 4*p, 0 = 4*p. Let l be i(y). What is the remainder when 5 is divided by (6/(-5))/(2/(-15)*l)?
2
Let j(a) = 31*a - 1. Let b = -118978 - -119183. Calculate the remainder when b is divided by j(1).
25
Let s = 506 + -502. Calculate the remainder when (-1)/(s*9/(-756)) is divided by (-2)/(-8) + 23/4.
